e
Is (-1)/((-2872)/(-958) + (-6)/2) composite?
False
Let g(f) = f**2 + 9*f - 3. Suppose 5*h + 57 = -0*o + 2*o, 3*o - 14 = h. Is g(h) a composite number?
False
Let t(o) = o - 2. Let a be t(5). Let b be 15/4 + 1/4. Suppose -55 = -4*w + 2*w + a*h, -b*w + 3*h = -125. Is w prime?
False
Suppose -3*g = -2*c - 373, 56 = -4*g + 5*c + 544. Is g prime?
True
Let x = 6 - 6. Suppose a = -x*a - 222. Let y = a - -377. Is y a composite number?
True
Let k(m) = 13*m + 1. Let b be k(8). Suppose 4*f - b = -3*x + 3*f, -175 = -5*x - 2*f. Is x a prime number?
False
Suppose -600 = -5*a - 0*a. Suppose 0 = -0*v - 4*v + a. Let q = v + -11. Is q a prime number?
True
Let r be (-1)/((-4)/16*1). Suppose r*k + 36 = 4*z + 324, 3*k - 2*z - 211 = 0. Is k composite?
False
Is 9/(-12) - (-3693)/12 composite?
False
Suppose 3*u - 1910 = 811. Is u composite?
False
Suppose 8 = -3*k + 83. Suppose 2*y - 69 = -k. Suppose -i = y - 69. Is i composite?
False
Let t(o) = o**2 - 6*o + 1. Let h be t(5). Is ((-2)/4)/(h/184) composite?
False
Suppose 0 = -d - 5*c + 7, 4*d - 45 = -3*c. Let q = -5 + 13. Is (93/d)/(2/q) prime?
True
Let r be (-3)/12 + 1323/12. Suppose -630 = -2*f + 4*s, f = s + 427 - r. Is f prime?
False
Let b(v) = 73*v**2 + 11*v - 21. Is b(2) a composite number?
False
Let j(r) = -r**3 + 8*r**2 - 8*r + 7. Let i be j(7). Suppose c = 4*o + 5*c - 256, i = -3*o + 3*c + 198. Is o prime?
False
Suppose -2*a - 2*a + 3*d + 60 = 0, -2*d - 32 = -2*a. Is (-1 + 18/8)*a a composite number?
True
Let u = 1223 - -332. Is u a composite number?
True
Let y(h) = -18*h**3 + 6*h + 13. Is y(-3) a prime number?
False
Let d(g) = -g**3 - 13*g**2 - 18*g + 25. Is d(-15) a composite number?
True
Let x be -9 + (-4)/(-6)*-3. Is 588/10 - x/55 prime?
True
Let x(l) = 5*l**2 + 16*l + 2. Is x(-8) prime?
False
Let l(u) be the third derivative of -u**5/60 + 7*u**4/24 + u**3 + u**2. Let c(f) = -f**2 + 6*f + 5. Let j(d) = -5*c(d) + 4*l(d). Is j(-2) composite?
False
Let u = 13 + -32. Let a = 6 + -10. Is a*u/2 + -1 prime?
True
Let o(t) = 3*t**3 + 7*t**2 - 10*t + 107. Let f(y) = -y**3 - 2*y**2 + 3*y - 36. Let a(d) = -7*f(d) - 2*o(d). Is a(0) a composite number?
True
Let w = 6 - 6. Let o = 3 - w. Suppose -k + o*r + 12 = -16, 4*r - 12 = 0. Is k a composite number?
False
Let t(y) = 2182*y**3 + y. Is t(1) a prime number?
False
Let i be -12*(-1)/((-3)/2). Is 1/4 + (-1014)/i a prime number?
True
Let z(s) = -17*s - 47*s + 2 + 5*s. Is z(-3) a prime number?
True
Let t = -4 + 7. Suppose 2*n - 20 = -t*n. Suppose r - 5*v = 161, n*r + 63 - 707 = 5*v. Is r prime?
False
Let g(f) = 13*f - 9. Let p(w) = 2 + 1 + 0 - 4*w. Let k(c) = 2*g(c) + 7*p(c). Is k(-5) prime?
True
Let p(i) = i**3 + i**2 + 4. Let r be p(0). Suppose 4*s = 2*s + r. Suppose -5*v + 2*v + 235 = -2*b, -s*v = -2*b - 156. Is v a composite number?
False
Suppose -10 = -2*o - 4. Suppose 3*m + 86 - 581 = -3*i, o*i - 173 = -m. Is m a prime number?
False
Let g(r) = -r**2 + 15*r + 11. Is g(7) composite?
False
Suppose 5*b - 2*f = -4*f + 2683, 2*b = 2*f + 1076. Is b a composite number?
True
Suppose 2*o - y + 2 = o, -4*o - 5*y = 8. Is 4 - -68 - o*1 composite?
True
Suppose -154 = -5*d + 2*r, 0*r = -r + 3. Let y = d + -22. Is y a composite number?
True
Let j be 3/15 + 14/5. Suppose 0 = -3*v + 5*t + 716, j*v + 271 - 1032 = -4*t. Is v a composite number?
True
Is (7/(-3))/((-2)/(-54)*-3) a composite number?
True
Let s(z) = -z + 1. Let f be s(-3). Suppose -w - 3 = 0, -f*q + 3*w = 8*w + 7. Let r(u) = 6*u**3 + 4*u**2 - 4*u + 2. Is r(q) composite?
True
Let h(y) = -90*y + 1. Suppose 5*k + 2*z + 39 = 0, 2*k + 10 = -z + 3*z. Is h(k) composite?
False
Suppose 60 + 152 = 2*d. Is d prime?
False
Let f(o) = 2*o**2 - 5. Let q be f(5). Suppose r + 10 + 0 = 0. Is (-598)/(-18) + r/q prime?
False
Suppose 0 = -3*k + 206 - 53. Suppose 16 = -w - 0. Let g = k + w. Is g composite?
True
Suppose -4*a - 3*p + 4461 = 0, 3*a + 0*p + 2*p - 3347 = 0. Suppose 2*k - a = -k. Is k a composite number?
False
Suppose l - 50 = -5*o + 5*l, 3*l = -4*o + 9. Suppose -o = 4*t - t. Is (130/(-4))/(1/t) a composite number?
True
Let u = 16 - 12. Suppose -u*n = -324 - 152. Is n a composite number?
True
Let n(j) = -j**3 - j**2 - j + 3. Let d(z) = -z**3 + 8*z**2 - 7*z - 4. Let w be d(7). Is n(w) a composite number?
True
Suppose 6629 = 4*m + 5*n, -6*m = -4*m + n - 3307. Is m a composite number?
True
Let z be (-2)/6 - 28/6. Let b = 2 + z. Is (-14)/(b/(-6)*-2) prime?
False
Let h(z) = z**3 - 4*z**2 + 3*z + 3. Is h(10) a composite number?
True
Let r be (-1 - -1 - 1)*-2. Suppose 2*b - 16 = 2*f + 2*f, 0 = -4*b - f + 23. Is r*1/(b/93) composite?
False
Let s(p) = 22*p - 1. Is s(6) composite?
False
Is (-30315 + 9)*(-1)/6 a composite number?
False
Suppose 0 = -2*d + 89 + 65. Is d prime?
False
Suppose -1282 + 278 = -4*c. Is c composite?
False
Let x(t) = -39*t - 6. Let g be x(-9). Let k = -182 + g. Is k a composite number?
False
Is (-2766)/(-24) - 1/4 prime?
False
Suppose -5*o + 6 = -2*o. Let d(i) = -3*i + i - 9 - o*i. Is d(-10) composite?
False
Let n(w) = 2*w**2 - w + 1. Let k be n(1). Suppose k*q = -q + 207. Is q prime?
False
Suppose -a + 4*a - 1233 = 0. Is a prime?
False
Let a(o) = 164*o**2 - 1. Let u be ((-1)/2)/(4/8). Is a(u) a prime number?
True
Suppose 4*q + h - 1064 - 164 = 0, 16 = -4*h. Suppose -3*w + q = -289. Is w a prime number?
True
Suppose 6*d = 2*d + 596. Is d composite?
False
Let u(d) be the first derivative of d**5/20 + 3*d**4/4 + d**3 - 5*d**2 - 2*d + 1. Let y(r) be the first derivative of u(r). Is y(-8) a prime number?
False
Let c(j) = j**2 + j - 14. Let d be c(10). Suppose 5*r - 281 = -d. Is r a prime number?
True
Suppose -3*z = -6*z - 1260. Let r = -288 - z. Is (-1)/((-2)/(r/2)) prime?
False
Let d = -1079 - -1642. Is d composite?
False
Let w = 2322 - 1295. Is w prime?
False
Suppose 0 = i + 6 - 3. Let t(k) = -3*k**3 + 4*k**2 + 2. Is t(i) a composite number?
True
Suppose 4*y - c - 392 = 0, -3*c = -0*c - 12. Let z = y + -50. Is z a prime number?
False
Let g = 3 + 2. Suppose -4*k + 2*l = -358, -g*k - 3*l + 551 - 87 = 0. Is k prime?
False
Let h(w) = -46*w - 19. Is h(-13) a prime number?
False
Suppose 2*x + 5*g = 201, 6*g = 4*x + g - 477. Suppose 6*h - r - 452 = 2*h, -x = -h + 3*r. Is h a prime number?
True
Let w(q) = -q**3 - 3*q**2 - 2*q + 2. Let u be w(-2). Suppose -1012 = -u*t + 10. Is t a composite number?
True
Is ((-19327)/21)/((-3)/9) prime?
False
Suppose -8*n + 1432 = -1104. Is n prime?
True
Let m(g) = -22*g + 5. Let a be m(-5). Suppose 3*i - 4 = -s, 0 = -i + 5*s + 45 - 17. Is a/i + 2/(-6) prime?
False
Suppose 2 = 4*n - 18. Suppose -177 = -4*b - 5*t, 4*b = n*t + 83 + 84. Is b a composite number?
False
Let p be (-3)/15 + 52/10. Suppose -3*z + 67 = -2*v, -p*z + 94 = -z - 5*v. Let r = z - 11. Is r a composite number?
True
Let v(c) = 2*c + 593. Is v(0) a prime number?
True
Let l = -74 - -171. Is l prime?
True
Suppose -6*f + 2*f + 4*o = -1048, 2*f - 506 = -4*o. Is f composite?
True
Suppose -14192 = -y - 15*y. Is y composite?
False
Let z(y) = y**3 + 21*y**2 + 9*y + 7. Is z(-8) prime?
False
Let u be (3 - 6)/((-4)/52). Let z(g) = -21*g - 1. Let d be z(-1). Let t = u - d. Is t prime?
True
Let h(q) = q**3 + 6*q**2 - 9*q - 9. Let x be h(-6). Let b = x + 38. Is b a prime number?
True
Let x(z) = -22*z - 57. Is x(-5) prime?
True
Let f(m) = -49*m + 5. Let z be f(-4). Suppose -5*p + u = -235, z = 5*p + 4*u - 34. Is p + 0*(-1)/(-3) a prime number?
True
Let x = -4 + 9. Let z(g) = g + 1. Let h(d) = -8*d. Let f(j) = -h(j) - z(j). Is f(x) a composite number?
True
Let w(o) = 1357*o + 4. Is w(1) a composite number?
False
Let z(h) = -h**3 + 4*h**2 + 4*h + 6. Let x be z(5). Is (x/2)/(1/66) composite?
True
Let y be -1*3 - (-55)/11. Suppose z = 49 + 22. Suppose -3*x = -9, p - 4 = -y*x + z. Is p prime?
False
Let x(s) = -s + 1. Let w be x(-1). Suppose -y + 117 = w*y. Is y composite?
True
Let q = 6 + 2. Let k be q/4 - 32/1. Is 4/(-10) - 1122/k a prime number?
True
Is (-1 - 1) + (4 + -1)*503 prime?
False
Let m be 1 + -35 - (0 + 0). Let i = -11 - m. Is i prime?
True
Let d = -339 + 658. Is d prime?
False
Is -2 + 17 + 0/(-1) a composite number?
True
Suppose 3*v = -3*l + 3645, 0 = l - v - 3*v - 1215. Suppose 2*h - 822 = -2*s + 3*s, l = 3*h + 3*s. Is h a composite number?
False
Suppose 3*c + 3*i = 75, -c = 3*c - i - 105. Suppose 0 = 6*l - 5*l - c. Is l composite?
True
